7, what is 2 + -110326241?
-110326236
In base 11, what is -5031320 + -4?
-5031324
In base 16, what is -22e6a - -2a6?
-22bc4
In base 10, what is -406603 + -236?
-406839
In base 13, what is 6 - -16851586?
1685158c
In base 11, what is 5 - 28228734?
-2822872a
In base 3, what is 100 + 210000100020?
210000100120
In base 16, what is 3 - -184463?
184466
In base 8, what is 1754 + 7463?
11437
In base 2, what is -11 - 101110001000011011001011110?
-101110001000011011001100001
In base 7, what is -25612514 + 125?
-25612356
In base 15, what is -1a + -ced3d?
-ced58
In base 11, what is -4296a31 - 12?
-4296a43
In base 2, what is -11001100101010 + -11001010010?
-11100101111100
In base 14, what is 105 - 4823?
-471c
In base 7, what is -3 + 131363235?
131363232
In base 13, what is c88 + -561?
727
In base 12, what is -187bb - -7ba?
-18001
In base 6, what is 5 + 1134421025?
1134421034
In base 9, what is 55405066 - 8?
55405057
In base 5, what is -30414241201 + -1?
-30414241202
In base 9, what is -45 - 8345383?
-8345438
In base 5, what is -1121440 - 200112?
-1322102
In base 5, what is -11442 - -22221300?
22204303
In base 13, what is 5 - -144170a8?
144170b0
In base 16, what is bcec - 7e?
bc6e
In base 9, what is 205671 + 432?
206213
In base 5, what is -10 + -33012412113?
-33012412123
In base 2, what is 10011010011000110100 - 10010011?
10011010010110100001
In base 7, what is 3516 - -113651?
120500
In base 7, what is 434 - 123055?
-122321
In base 7, what is 21 + 1563330544?
1563330565
In base 3, what is 2112000210210211 - 1?
2112000210210210
In base 11, what is -3 - -26963482?
2696347a
In base 5, what is 13244 + -110442?
-42143
In base 4, what is -22 - 131003122301?
-131003122323
In base 15, what is -ed8c - 5a?
-ede7
In base 12, what is 16145aa + 6?
16145b4
In base 4, what is 103 - 130103120223?
-130103120120
In base 4, what is -230102213 - -203221?
-223232332
In base 11, what is 5233615 - 4?
5233611
In base 14, what is -5d + a059?
9dda
In base 7, what is 1154 + -165203?
-164016
In base 2, what is 1101000011001110110 + -101101111?
1101000010100000111
In base 6, what is 313 + -2434222?
-2433505
In base 9, what is 125 + -7352?
-7226
In base 3, what is -11010101222 + 1011221?
-11002020001
In base 7, what is -126 - 16621344?
-16621503
In base 11, what is 124313aa - 3?
124313a7
In base 3, what is 10 + -200102112222?
-200102112212
In base 11, what is 0 - 270a2551?
-270a2551
In base 3, what is -220122200200 - 201120?
-220200102020
In base 7, what is -103 + -42161465?
-42161601
In base 9, what is -5 - 152127828?
-152127834
In base 10, what is 4 + 3768756?
3768760
In base 3, what is 2010 - -2101120220012?
2101120222022
In base 3, what is 21202102121212 + 10?
21202102121222
In base 4, what is 3 - -101312301?
101312310
In base 7, what is -3 + -1635331352?
-1635331355
In base 12, what is 1909247 + 2?
1909249
In base 5, what is -114203030 + 30?
-114203000
In base 12, what is 558abb5 - 1?
558abb4
In base 7, what is -2636 + 24142?
21203
In base 9, what is 13674002 + 4?
13674006
In base 7, what is -4441532526 + 5?
-4441532521
In base 9, what is 6 - 3630?
-3623
In base 3, what is 210000 - -210000121?
210210121
In base 3, what is 1112 - 10120211212?
-10120210100
In base 7, what is 100006066 - 20?
100006046
In base 11, what is 32685 + -562?
32123
In base 6, what is -1252 + -1531441?
-1533133
In base 12, what is 9a7 - -a73?
185a
In base 4, what is -3013120 + -20220122?
-23233302
In base 8, what is 364452 + 200?
364652
In base 6, what is 204 + 10402500?
10403104
In base 6, what is -14421242155 + -2?
-14421242201
In base 2, what is -11101010 - 11100001110010011?
-11100010001111101
In base 11, what is 0 + -1576457?
-1576457
In base 9, what is 15 - -272040?
272055
In base 2, what is 10101010101101111 - 1101?
10101010101100010
In base 5, what is -130404 - -3324003?
3143044
In base 12, what is 25b196 + 2?
25b198
In base 8, what is 245764206 - 22?
245764164
In base 5, what is -403441234 + 32?
-403441202
In base 12, what is -948a42 + 172?
-948890
In base 16, what is -abcb6 + 1?
-abcb5
In base 13, what is 7 - c2b051?
-c2b047
In base 4, what is 313312031302 + -223?
313312031013
In base 5, what is -1423114343 + -11?
-1423114404
In base 10, what is -462 - 26916?
-27378
In base 6, what is -13541143051 + -2?
-13541143053
In base 10, what is 2174 + -18139?
-15965
In base 3, what is -1100112 + -11112121?
-12220010
In base 10, what is 47824 + -68?
47756
In base 16, what is -aba722 - 7?
-aba729
In base 14, what is 78 - 7530a?
-75272
In base 14, what is -2 + -11b5532?
-11b5534
In base 11, what is -3 - a56880?
-a56883
In base 4, what is 102203331 - -11201211?
120011202
In base 8, what is -47162017 - 10?
-47162027
In base 11, what is -14143 - 10173?
-24306
In base 3, what is -11 + -10210011010110200?
-10210011010110211
In base 12, what is 496a2 - -4b?
49731
In base 15, what is 28 - 175d87?
-175d5e
In base 11, what is -7522003 - 1?
-7522004
In base 12, what is -ab8 - -7a28?
6b30
In base 15, what is 2b15869 + -3?
2b15866
In base 7, what is 156051 + -346?
155402
In base 7, what is 34 + -30533623?
-30533556
In base 6, what is 15242532 - -1545?
15244521
In base 11, what is 7 + -1401738?
-1401731
In base 14, what is -7 - -1c74d6?
1c74cd
In base 11, what is 17 + 987511?
987528
In base 8, what is -12 - 11166316?
-11166330
In base 13, what is 2c418062 + -4?
2c41805b
In base 7, what is -23012 - 2603?
-25615
In base 3, what is 21 + -201000022?
-201000001
In base 3, what is -12200110 - 20211001?
-110111111
In base 4, what is 1 - -21011020022?
21011020023
In base 13, what is -12577690 - -3?
-1257768a
In base 4, what is -133203 - 21211003?
-22010212
In base 13, what is 5 + -87b428b?
-87b4286
In base 4, what is -11 - 22101210131?
-22101210202
In base 12, what is 107baa + 3?
107bb1
In base 10, what is 9595933 - 4?
9595929
In base 11, what is -191648a4 + -3?
-191648a7
In base 5, what is -33 + 301002140?
301002102
In base 8, what is 100244 - -5345?
105611
In base 15, what is -203 + -2ae635?
-2ae838
In base 2, what is 100100000111100101 + -1001011011?
100011111110001010
In base 2, what is 0 - -11110100110011000111111?
11110100110011000111111
In base 10, what is -3 + 82250437?
82250434
In base 16, what is 3695e - -218?
36b76
In base 3, what is -102102221111 - 202200?
-102110201011
In base 4, what is 11233021100 + -3?
11233021031
In base 12, what is -42a22a - -b79?
-429271
In base 13, what is 3 + -178a56?
-178a53
In base 14, what is 1 + -511ac3?
-511ac2
In base 8, what is -153500 + 11470?
-142010
In base 10, what is -36007 - 246?
-36253
In base 14, what is 5 - -2501b1b?
2501b22
In base 6, what is -1330441 + 32?
-1330405
In base 8, what is -6005 - 232616?
-240623
In base 2, what is -100101111010111 + 1001101100?
-100100101101011
In base 6, what is 5 - -543352120?
543352125
In base 10, what is 663705 + 11?
663716
In base 9, what is 141311602 - -5?
141311607
In base 7, what is 331222015 + 16?
331222034
In base 10, what is 74219 + -190?
74029
In base 2, what is 10001110001100111 - 1111110?
10001101111101001
In base 13, what is 621c729 - -3?
621c72c
In base 8, what is 12737 - 263?
12454
In base 6, what is -2212133515 + 0?
-2212133515
In base 13, what is -170 - 6ba1?
-7041
In base 5, what is -1040100100 + -412?
-1040101012
In base 8, what is -7154363 - 130?
-7154513
In base 2, what is 1101110 + 10100000101000100?
10100000110110010
In base 10, what is -3 - -16522340?
16522337
In base 5, what is 121 - -22000330?
22001001
In base 9, what is 458434 + -10?
458424
In base 7, what is -2021 - 430565?
-432616
In base 13, what is -583 + -97c10?
-98493
In base 15, what is -a4237 - 26b?
-a44a3
In base 12, what is 5 + aa0417?
aa0420
In base 2, what is 101000001 + 101010100001101111?
101010100110110000
In base 6, what is 11214401422 + 10?
11214401432
In base 5, what is -4012243 - 21?
-4012314
In base 5, what is -3 + -22210121441?
-22210121444
In base 9, what is 32725 + -1611?
31114
In base 13, what is 2166 + 523?
2689
In base 6, what is -2002 + 305213?
303211
In base 7, what is -4165346 - -45?
-4165301
In base 15, what is -26d7164c + 2?
-26d7164a
In base 5, what is -331303 + 3440?
-322313
In base 6, what is 13442500 + 213?
13443113
In base 9, what is 31 + -66608?
-66567
In base 9, what is -1 - -363253723?
363253722
In base 7, what is -32063664 - 13